 divided by 52856?
17
What is the remainder when 3259318 is divided by 499?
349
Calculate the remainder when 7360615 is divided by 56620.
15
Calculate the remainder when 1663058 is divided by 291.
284
What is the remainder when 2768506 is divided by 2080?
26
What is the remainder when 96711 is divided by 48347?
17
What is the remainder when 53491 is divided by 26300?
891
What is the remainder when 350208715 is divided by 902?
901
What is the remainder when 31214414 is divided by 15607204?
6
Calculate the remainder when 174792938 is divided by 3710.
3708
What is the remainder when 33174351 is divided by 16?
15
What is the remainder when 555020 is divided by 2033?
11
What is the remainder when 21455332 is divided by 175?
157
Calculate the remainder when 31973043 is divided by 609.
543
Calculate the remainder when 3289631 is divided by 1500.
131
What is the remainder when 2786 is divided by 2780?
6
What is the remainder when 734366 is divided by 659?
240
Calculate the remainder when 64083325 is divided by 64.
61
What is the remainder when 32895663 is divided by 22378?
3
What is the remainder when 212937 is divided by 35487?
15
What is the remainder when 91512 is divided by 88304?
3208
Calculate the remainder when 5422250 is divided by 9364.
494
What is the remainder when 9459758 is divided by 8113?
0
What is the remainder when 9068019 is divided by 3022660?
39
What is the remainder when 35259619 is divided by 103?
41
Calculate the remainder when 19730 is divided by 682.
634
Calculate the remainder when 4780862 is divided by 29.
9
What is the remainder when 10555972 is divided by 258?
160
What is the remainder when 79386 is divided by 79356?
30
What is the remainder when 6336 is divided by 1963?
447
What is the remainder when 365373 is divided by 1355?
878
Calculate the remainder when 116454 is divided by 113052.
3402
What is the remainder when 5805301 is divided by 345?
331
What is the remainder when 299453 is divided by 385?
308
Calculate the remainder when 238906 is divided by 79537.
295
Calculate the remainder when 10649 is divided by 97.
76
Calculate the remainder when 20252344 is divided by 5244.
16
Calculate the remainder when 2046759 is divided by 10955.
9129
Calculate the remainder when 268384803 is divided by 295.
293
What is the remainder when 511025 is divided by 102?
5
What is the remainder when 7021505 is divided by 189770?
15
Calculate the remainder when 77193 is divided by 25248.
1449
What is the remainder when 69544646 is divided by 45454?
26
Calculate the remainder when 5349568 is divided by 1026.
4
Calculate the remainder when 258843 is divided by 4055.
3378
Calculate the remainder when 35693 is divided by 476.
469
What is the remainder when 51296378 is divided by 279?
275
What is the remainder when 56756911 is divided by 1242?
1237
What is the remainder when 384135 is divided by 3201?
15
What is the remainder when 86212 is divided by 71?
18
Calculate the remainder when 16950346 is divided by 44.
6
What is the remainder when 105551 is divided by 1372?
1279
Calculate the remainder when 302913 is divided by 151362.
189
Calculate the remainder when 516848 is divided by 2228.
2180
Calculate the remainder when 2184264 is divided by 106.
28
What is the remainder when 2133584 is divided by 711193?
5
What is the remainder when 258212 is divided by 3851?
195
Calculate the remainder when 192508441 is divided by 28.
13
What is the remainder when 572422 is divided by 43924?
1410
Calculate the remainder when 45587 is divided by 22727.
133
What is the remainder when 7766620 is divided by 431478?
16
What is the remainder when 96008 is divided by 2597?
2516
What is the remainder when 18236940 is divided by 246445?
10
Calculate the remainder when 460388 is divided by 24209.
417
Calculate the remainder when 173823073 is divided by 13.
8
What is the remainder when 235851 is divided by 1097?
1093
What is the remainder when 18067149 is divided by 6022379?
12
Calculate the remainder when 431594 is divided by 675.
269
Calculate the remainder when 13632349 is divided by 973731.
115
Calculate the remainder when 6120303 is divided by 2528.
15
What is the remainder when 242766250 is divided by 242766245?
5
What is the remainder when 13083888 is divided by 51?
42
What is the remainder when 20489983 is divided by 56?
31
What is the remainder when 1061412 is divided by 2173?
988
What is the remainder when 2011583 is divided by 2506?
1771
What is the remainder when 10621 is divided by 5211?
199
Calculate the remainder when 12505142 is divided by 2501023.
27
Calculate the remainder when 66105406 is divided by 22035132.
10
What is the remainder when 24390 is divided by 972?
90
What is the remainder when 100540807 is divided by 3604?
19
Calculate the remainder when 2108734318 is divided by 11660.
11658
What is the remainder when 834172 is divided by 513?
34
Calculate the remainder when 4691 is divided by 28.
15
Calculate the remainder when 3162549 is divided by 178.
23
What is the remainder when 420846 is divided by 354?
294
What is the remainder when 2017679 is divided by 1008820?
39
Calculate the remainder when 512716 is divided by 1508.
1504
What is the remainder when 2474558 is divided by 1628?
1626
What is the remainder when 50752175 is divided by 1697?
1693
Calculate the remainder when 17449928 is divided by 143.
67
Calculate the remainder when 4305244 is divided by 85.
79
Calculate the remainder when 34295619 is divided by 39.
33
What is the remainder when 122896 is divided by 40898?
202
Calculate the remainder when 2701811 is divided by 166.
161
Calculate the remainder when 943472 is divided by 6418.
26
What is the remainder when 578861 is divided by 45?
26
What is the remainder when 304769 is divided by 34?
27
What is the remainder when 1995959 is divided by 199?
188
What is the remainder when 1715443827 is divided by 61?
58
What is the remainder when 10204756 is divided by 2089?
2080
Calculate the remainder when 122438 is divided by 2093.
1044
Calculate the remainder when 11988809 is divided by 212.
209
Calculate the remainder when 1593419 is divided by 3954.
3911
What is the remainder when 72779859 is divided by 767?
763
Calculate the remainder when 15847782 is divided by 4798.
4786
Calculate the remainder when 232449 is divided by 220.
129
Calculate the remainder when 711787 is divided by 200.
187
What is the remainder when 2011868 is divided by 530?
518
What is the remainder when 42868509 is divided by 103?
12
Calculate the remainder when 10930138 is divided by 3048.
10
What is the remainder when 50175 is divided by 609?
237
What is the remainder when 4941208 is divided by 988239?
13
What is the remainder when 67047874 is divided by 93?
82
What is the remainder when 127324 is divided by 6360?
124
What is the remainder when 36941926 is divided by 76?
74
Calculate the remainder when 1969027 is divided by 2200.
27
What is the remainder when 6653851 is divided by 665384?
11
Calculate the remainder when 4291441 is divided by 238410.
61
Calculate the remainder when 217221 is divided by 54305.
1
Calculate the remainder when 5428430 is divided by 588.
14
Calculate the remainder when 1678376 is divided by 167835.
26
Calculate the remainder when 23998 is divided by 3041.
2711
Calculate the remainder when 416845 is divided by 12214.
1569
Calculate the remainder when 2149744 is divided by 19367.
7
Calculate the remainder when 13495863 is divided by 14117.
11
Calculate the remainder when 1145587 is divided by 1482.
1
What is the remainder when 5635085 is divided by 3164?
1
Calculate the remainder when 20077 is divided by 866.
159
Calculate the remainder when 3018000 is divided by 14.
6
What is the remainder when 4979815 is divided by 829965?
25
What is the remainder when 6874174 is divided by 11?
10
What is the remainder when 78295583 is divided by 236?
223
What is the remainder when 49050449 is divided by 19?
11
What is the remainder when 811959 is divided by 162357?
174
Calculate the remainder when 793810 is divided by 66.
28
Calculate the remainder when 571563 is divided by 1944.
27
What is the remainder when 29729 is divided by 119?
98
What is the remainder when 207639 is divided by 7401?
411
Calculate the remainder when 2821535 is divided by 3355.
3335